{"id":982,"date":"2021-10-20T19:21:45","date_gmt":"2021-10-20T11:21:45","guid":{"rendered":"https:\/\/muayautotire.com\/?post_type=product&#038;p=982"},"modified":"2021-10-20T19:21:46","modified_gmt":"2021-10-20T11:21:46","slug":"lx-06","status":"publish","type":"product","link":"https:\/\/muayautotire.com\/?product=lx-06","title":{"rendered":"LX-06"},"content":{"rendered":"<p>\u0e40\u0e1e\u0e34\u0e48\u0e21\u0e04\u0e27\u0e32\u0e21\u0e2a\u0e1b\u0e2d\u0e23\u0e4c\u0e15\u2026\u0e2b\u0e25\u0e48\u0e2d\u0e41\u0e1a\u0e1a\u0e40\u0e23\u0e49\u0e32\u0e43\u0e08 \u0e2a\u0e21\u0e1a\u0e39\u0e13\u0e23\u0e4c\u0e41\u0e1a\u0e1a\u0e14\u0e49\u0e27\u0e22\u0e23\u0e39\u0e1b\u0e25\u0e31\u0e01\u0e29\u0e13\u0e4c\u0e41\u0e25\u0e30\u0e14\u0e35\u0e44\u0e0b\u0e19\u0e4c \u0e01\u0e31\u0e1a\u0e01\u0e49\u0e32\u0e19\u0e2a\u0e44\u0e15\u0e2a\u0e4c V-SHAPE \u0e2a\u0e1b\u0e2d\u0e23\u0e4c\u0e15\u0e14\u0e33\u0e40\u0e02\u0e49\u0e21\u0e1c\u0e2a\u0e32\u0e19\u0e40\u0e2a\u0e49\u0e19\u0e15\u0e31\u0e14\u0e02\u0e2d\u0e1a\u0e25\u0e49\u0e2d \u0e2a\u0e23\u0e49\u0e32\u0e07\u0e21\u0e34\u0e15\u0e34\u0e44\u0e14\u0e49\u0e2d\u0e22\u0e48\u0e32\u0e07\u0e25\u0e07\u0e15\u0e31\u0e27<\/p>\n<p><span class=\"product-spect-lable\">MODE<\/span><span class=\"product-spect-spect\">L : LX-06<\/span><br \/>\n<span class=\"product-spect-lable\">SIZE : <\/span><span class=\"product-spect-spect\">18\u00d79.5, 18\u00d710.5, 20\u00d79.0<\/span><br \/>\n<span class=\"product-spect-lable\">HOLE\/P.C.D. : <\/span><span class=\"product-spect-spect\">5H 114.3, 6H 139.7<\/span><br \/>\n<span class=\"product-spect-lable\">OFFSET : <\/span><span class=\"product-spect-spect\">+25, +30, +20<\/span><\/p>\n","protected":false},"excerpt":{"rendered":"<p>\u0e40\u0e1e\u0e34\u0e48\u0e21\u0e04\u0e27\u0e32\u0e21\u0e2a\u0e1b\u0e2d\u0e23\u0e4c\u0e15\u2026\u0e2b\u0e25\u0e48\u0e2d\u0e41\u0e1a\u0e1a\u0e40\u0e23\u0e49\u0e32\u0e43\u0e08 \u0e2a\u0e21\u0e1a\u0e39\u0e13&hellip;<\/p>\n","protected":false},"featured_media":980,"comment_status":"closed","ping_status":"closed","template":"","meta":[],"class_list":{"0":"post-982","1":"product","2":"type-product","3":"status-publish","4":"has-post-thumbnail","6":"product_cat-yachiyoda","7":"product_cat-38","9":"first","10":"instock","11":"shipping-taxable","12":"product-type-simple"},"_links":{"self":[{"href":"https:\/\/muayautotire.com\/index.php?rest_route=\/wp\/v2\/product\/982","targetHints":{"allow":["GET"]}}],"collection":[{"href":"https:\/\/muayautotire.com\/index.php?rest_route=\/wp\/v2\/product"}],"about":[{"href":"https:\/\/muayautotire.com\/index.php?rest_route=\/wp\/v2\/types\/product"}],"replies":[{"embeddable":true,"href":"https:\/\/muayautotire.com\/index.php?rest_route=%2Fwp%2Fv2%2Fcomments&post=982"}],"wp:featuredmedia":[{"embeddable":true,"href":"https:\/\/muayautotire.com\/index.php?rest_route=\/wp\/v2\/media\/980"}],"wp:attachment":[{"href":"https:\/\/muayautotire.com\/index.php?rest_route=%2Fwp%2Fv2%2Fmedia&parent=982"}],"curies":[{"name":"wp","href":"https:\/\/api.w.org\/{rel}","templated":true}]}}